mmon factor of 4 and q?
2
Let d = -135 - -138. Let y be (-77)/(5/(-5)) + d. Let f be (0 - 147/28)/((-3)/y). Calculate the greatest common divisor of 56 and f.
28
Let g = 8691 - 8491. Calculate the greatest common divisor of g and 24.
8
Let k be (-21 + 12)*147/(-9). What is the highest common divisor of k and 1743?
21
Let p be (0 - (0 + 2)) + 5. Suppose -p*w = -5*x + 4 + 1, -2*x - w + 13 = 0. Suppose 0 = s - x*s + 45. What is the greatest common divisor of s and 165?
15
Suppose -185*k + 182*k + 277 = c, 284 = 3*k + 2*c. What is the greatest common divisor of 2115 and k?
45
Let x be 2/(-3)*552/(-2). Let w = 304167 + -304135. What is the highest common divisor of w and x?
8
Let y = 439 + -103. What is the highest common factor of 161 and y?
7
Let l = 31 + -5. Suppose -l = -6*w + 34. Suppose -14*b + w*b + 48 = 0. What is the greatest common factor of 16 and b?
4
Suppose -5*j = 3*p - 315, -j - 5*p = 24 - 109. Calculate the greatest common factor of j and 300.
60
Let l(i) = -3*i - 10 + 4*i + 4*i + 4*i**2. Let a be 10/(-30) + (-7)/((-63)/30). Let s be l(a). What is the greatest common factor of 82 and s?
41
Suppose -2*v = -0*u + 5*u - 8361, -5*u - 25 = 0. What is the highest common factor of v and 7?
7
Let n = -200 + 326. Suppose -128*w + n*w + 828 = 0. Calculate the highest common factor of w and 46.
46
Let k(f) = -265*f + 4014. Let c be k(15). Let z be -117*(-1 + (-8)/(-12)). What is the highest common factor of z and c?
39
Suppose 288*y = -4375 + 17897 + 78638. Let d = 31 - 21. What is the greatest common factor of y and d?
10
Let c(n) = n**3 + 2*n**2 + 12*n. Let r be c(-4). Let j be -10*(r/(-25) - 4). What is the highest common factor of 24 and j?
8
Let c(j) = -18*j - 18 + 83*j + 18. Let a be c(1). Suppose 4*b = a + 15. What is the greatest common divisor of 160 and b?
20
Let o be (1045/(-76))/(2*2/(-1088)). Calculate the greatest common divisor of o and 3060.
340
Suppose 16*s - 17*s = -5*w - 16687, -3*s = 2*w - 50180. What is the greatest common factor of 18 and s?
18
Let p = 3335 - 3231. What is the highest common divisor of 1040 and p?
104
Let b(n) = -n - 1. Let k(s) = -8*s - 2. Let w(d) = -5*b(d) + k(d). Let j be w(-12). Suppose -4*p + 9*p = 780. Calculate the greatest common divisor of p and j.
39
Let n(v) = v**3 + 11*v**2 + 11*v - 15. Let h be n(-10). Let b = -5 + h. Let o be (-24)/b + (-18)/(-15). What is the highest common divisor of o and 10?
2
Let n be ((-39)/6)/(2/(-4)). Let w = 36 - n. What is the highest common divisor of w and 46?
23
Let v(m) = 2*m**3 - 34*m**2 - m + 9. Let y be v(17). Let o be 48*((-52)/y - -3). Calculate the greatest common factor of o and 8.
8
Let u(q) = q**3 + 5*q**2 + q + 9. Let f be u(-5). Suppose -4*w + 42 + 78 = -f*h, 5*h - 60 = -2*w. Calculate the highest common factor of 300 and w.
30
Let h = -559 - -812. Let t(n) = -n**3 + 6*n**2 - 2*n - 10. Let c be t(5). Let l be c/(20/(-12)) + 1 - -25. What is the greatest common divisor of l and h?
23
Let o = -4700 + 12557. Calculate the highest common divisor of 97 and o.
97
Let o(k) = 13*k - 119. Let t be o(9). Let p be (2/8)/(0 + t/(-24)). Calculate the greatest common divisor of p and 27.
3
Suppose 156*t + 277*t = -16*t + 202050. Calculate the greatest common factor of 2450 and t.
50
Let l be 60/(-100) - -1*(-74)/10. Let o(i) = -102*i - 195. Let y be o(l). Calculate the greatest common factor of y and 27.
27
Suppose 1166*t = 1270*t - 849160. Calculate the highest common factor of t and 230.
115
Suppose -11*k = 23*k - 18326. Let r be 22/3*(-24)/64*-4. Calculate the highest common factor of k and r.
11
Suppose -108 = -17*n + 334. Let o(i) = 4*i + 120. Let z be o(n). Calculate the greatest common factor of 28 and z.
28
Let o = 406 - 220. Let z(w) = w**2 + 6*w - 34. Let l be z(-10). Calculate the greatest common divisor of l and o.
6
Suppose 0 = 81*p - 71*p - 1480. Let l = 158 - p. Calculate the highest common divisor of l and 20.
10
Let n be (5/3)/(2/42). Suppose -29*h + 30*h = 4. Suppose f = h*f - 42. What is the greatest common factor of n and f?
7
Let w(i) = 32*i - 4658. Let f be w(161). What is the highest common factor of f and 38?
38
Let j(x) = -47*x + 18. Let o be j(-4). Suppose -50 = 5*w - 3*c - o, 3*w - 94 = 2*c. What is the greatest common factor of 45 and w?
15
Suppose -17*d + 22*d + 3*r - 1149 = 0, -2*d + 2*r + 466 = 0. Let z = 56 + -23. Calculate the greatest common divisor of z and d.
33
Let o = -17 + 21. Suppose o = -w - 4. Let z be (w/(-20))/(2/240). What is the highest common factor of z and 6?
6
Suppose 4*h + u + 10 - 25 = 0, 5*h - 4*u - 45 = 0. Suppose h*f - 216 = -3*x, -3*x + 17*f = 16*f - 216. Calculate the highest common factor of x and 96.
24
Suppose -11*y + 961 = -469. Let i be ((-546)/y)/(1 - (-16)/(-15)). What is the highest common factor of 63 and i?
63
Suppose -4*t + 1764 = 3*t. Let q(d) = 3*d**2 + d - 16. Let p be q(-4). Calculate the greatest common factor of t and p.
28
Suppose -5*z - 132 = -4*q, -46 - 53 = -3*q - z. What is the greatest common divisor of 1672 and q?
11
Suppose 3*s - 35 = -185. Let o = -8 - s. What is the highest common factor of o and 6?
6
Let a(i) = -50*i**3 + i**2 - 1. Let m be a(-1). Let b be (m/15)/((-4)/6). Let g = 2 - b. What is the highest common factor of g and 14?
7
Suppose -44278*k = -44300*k + 23870. What is the greatest common divisor of k and 3875?
155
Suppose -q = 4*q - 280. Suppose -72 + 96 = 6*h. Suppose -4*r = h*o - 76, -2*r + 0*o - 4*o = -48. What is the greatest common factor of q and r?
14
Suppose 172 = 3*z - 323. Suppose -z*k = -169*k + 192. Calculate the highest common divisor of 60 and k.
12
Let g be (-46)/(-4) - 27/18. Let l be (-304)/(-10) + (-4)/g. Let q = 2637 - 2397. Calculate the highest common factor of q and l.
30
Suppose 0 = 17*f - 14*f + 51. Let h = f + 57. Suppose 0*k = 2*k - 16. Calculate the highest common factor of k and h.
8
Let l be 17001/(-33) + (-2)/(-11). Let c(r) = 29*r**3 + 3*r**2 + 3*r - 2. Let i be c(-3). Let f = l - i. Calculate the greatest common divisor of 28 and f.
28
Suppose 135*s = -5*k + 138*s + 1949, 5*k = s + 1963. Calculate the greatest common factor of k and 6.
2
Suppose 958 = 5*c - 217. Let r be 3/(((-726)/44 + 17)*(-12)/(-94)). What is the greatest common divisor of r and c?
47
Let l be -3 - (-1 + (-12 - -7)). Suppose -25 = 5*w, -l*h = -2*w + w - 23. Calculate the highest common divisor of 45 and h.
3
Suppose 19*l + 11 = 30. Suppose -4*p - 4*g = -23 - 13, p + l = 4*g. What is the highest common divisor of p and 8?
1
Suppose 81952 = -3742*i + 3774*i. Calculate the greatest common factor of i and 13.
13
Let o be 24/(-16) + 30/4. Let l(w) = 2*w - 11. Let s be l(o). Let r be (-2 + -98*s)/(-2). What is the greatest common factor of 5 and r?
5
Suppose 1170 = 256*k - 230*k. What is the highest common factor of 32805 and k?
45
Let p = -30821 - -38981. What is the greatest common factor of p and 720?
240
Suppose 3*m - 65 = -5*z, -m - 4*m - z + 101 = 0. Let n be 0 + 1 - 20/(m/(-5)). What is the greatest common factor of n and 78?
6
Let x = -124 - -128. Let g be (x/(-14))/1 + 4374/21. Suppose -10*c + 14*c = g. Calculate the highest common factor of c and 65.
13
Suppose -24*h + 4193 + 127 = 0. Calculate the highest common factor of h and 980.
20
Suppose 11*d = 21 + 12. Suppose -2*k + 514 = t, 242 = d*k - 2*t - 515. What is the greatest common factor of k and 85?
85
Let n be (-3)/6 - (-10)/4. Let q(x) = 3*x + 156. Let v be q(39). Suppose 283 - v = 10*f. What is the highest common divisor of n and f?
1
Suppose -21*r = -25*r + k + 13, -3*r + 1 = k. Suppose 2*t - 52 = -3*p + 55, -82 = -r*p - 4*t. What is the highest common divisor of 33 and p?
33
Let w = 87 - 45. Let y = 600 + -1132. Let q = -364 - y. What is the highest common factor of q and w?
42
Suppose 279 = 3*n - 2*r + 52, 3*n - 4*r - 229 = 0. Let s be (-277)/(-11) + 4/(-22). What is the greatest common factor of s and n?
25
Let k be (-7)/(-14)*(588 + 12). What is the greatest common factor of k and 3975?
75
Let z(w) = -w**3 - 16*w**2 - 40*w + 44. Let h be z(-13). Calculate the greatest common divisor of h and 6935.
19
Let j = -37 - -167. Let n = -18 + 26. Let l be n/(-4) + 52 + 2. What is the highest common factor of j and l?
26
Suppose 0 = 1442*l - 1433*l - 10971. What is the highest common divisor of l and 345?
